1.
1014
Calculate the remainder when 1553295 is divided by 310640.
95
What is the remainder when 827364 is divided by 226?
204
Calculate the remainder when 935411 is divided by 311738.
197
What is the remainder when 4586720 is divided by 1283?
1278
Calculate the remainder when 1038769 is divided by 32451.
337
What is the remainder when 3395879 is divided by 60?
59
Calculate the remainder when 370667113 is divided by 469.
467
Calculate the remainder when 99029 is divided by 411.
389
Calculate the remainder when 9268 is divided by 2305.
48
Calculate the remainder when 1580191 is divided by 33.
19
Calculate the remainder when 145752 is divided by 48058.
1578
What is the remainder when 143602 is divided by 4812?
4054
Calculate the remainder when 3555759 is divided by 1942.
1899
What is the remainder when 399710 is divided by 7701?
6959
What is the remainder when 533929 is divided by 39?
19
What is the remainder when 11972181 is divided by 373?
0
What is the remainder when 201236041 is divided by 1259?
1258
Calculate the remainder when 414218 is divided by 6121.
4111
What is the remainder when 112140 is divided by 7748?
3668
Calculate the remainder when 413756 is divided by 2038.
42
Calculate the remainder when 636202 is divided by 18177.
7
What is the remainder when 1001727 is divided by 239?
78
What is the remainder when 22091 is divided by 2760?
11
What is the remainder when 1541995 is divided by 300?
295
Calculate the remainder when 1288228 is divided by 1943.
19
What is the remainder when 2710837 is divided by 903607?
16
Calculate the remainder when 26294266 is divided by 462.
460
Calculate the remainder when 2357741 is divided by 903.
8
What is the remainder when 49181 is divided by 548?
409
What is the remainder when 255765 is divided by 127443?
879
Calculate the remainder when 45785 is divided by 1165.
350
Calculate the remainder when 287922178 is divided by 28.
26
What is the remainder when 11298242 is divided by 34979?
25
What is the remainder when 359127 is divided by 158?
151
What is the remainder when 43878722 is divided by 707721?
20
What is the remainder when 289808 is divided by 20?
8
Calculate the remainder when 58527968 is divided by 13.
5
Calculate the remainder when 426785 is divided by 71082.
293
What is the remainder when 229876 is divided by 57462?
28
What is the remainder when 4264391 is divided by 6705?
11
Calculate the remainder when 104184225 is divided by 52.
41
Calculate the remainder when 285585 is divided by 25641.
3534
Calculate the remainder when 2121827 is divided by 157.
129
Calculate the remainder when 59732543 is divided by 11.
2
Calculate the remainder when 10458067 is divided by 950733.
4
Calculate the remainder when 130940 is divided by 43618.
86
What is the remainder when 32778441 is divided by 6949?
8
Calculate the remainder when 46597 is divided by 9299.
102
What is the remainder when 5156281 is divided by 56?
25
What is the remainder when 3126 is divided by 446?
4
What is the remainder when 610516 is divided by 5357?
5175
Calculate the remainder when 54658655 is divided by 81.
17
What is the remainder when 268939 is divided by 33613?
35
What is the remainder when 1331947 is divided by 50?
47
What is the remainder when 851608 is divided by 1774?
88
What is the remainder when 848743 is divided by 238?
35
What is the remainder when 11596185 is divided by 7344?
9
Calculate the remainder when 90766595 is divided by 20.
15
Calculate the remainder when 16375188 is divided by 862.
636
Calculate the remainder when 45822547 is divided by 2414.
2413
What is the remainder when 74478 is divided by 5316?
54
What is the remainder when 401701 is divided by 578?
569
Calculate the remainder when 1735846 is divided by 25.
21
What is the remainder when 3096507 is divided by 53?
35
Calculate the remainder when 8062819 is divided by 2687448.
475
Calculate the remainder when 604363 is divided by 768.
715
What is the remainder when 15352614 is divided by 391?
390
Calculate the remainder when 372182 is divided by 8538.
5048
Calculate the remainder when 262731 is divided by 206.
81
What is the remainder when 26387328 is divided by 258699?
30
Calculate the remainder when 14500033 is divided by 9131.
5
Calculate the remainder when 13375107 is divided by 12282.
9
What is the remainder when 161361305 is divided by 1176?
1169
What is the remainder when 157791 is divided by 958?
679
What is the remainder when 6282573 is divided by 25961?
11
What is the remainder when 7905756 is divided by 789?
765
What is the remainder when 160538 is divided by 322?
182
Calculate the remainder when 852256 is divided by 152.
144
Calculate the remainder when 341797 is divided by 14728.
3053
What is the remainder when 71551408 is divided by 210?
208
Calculate the remainder when 17103871 is divided by 15970.
1
What is the remainder when 2238375 is divided by 559546?
191
What is the remainder when 99478 is divided by 11049?
37
What is the remainder when 106742 is divided by 91?
90
Calculate the remainder when 4092298 is divided by 100.
98
Calculate the remainder when 51250 is divided by 4264.
82
Calculate the remainder when 12684544 is divided by 89.
86
Calculate the remainder when 41595421 is divided by 2083.
2077
What is the remainder when 201645 is divided by 516?
405
Calculate the remainder when 12575111 is divided by 251502.
11
What is the remainder when 746968 is divided by 11671?
24
Calculate the remainder when 3411449 is divided by 875.
699
Calculate the remainder when 1683211 is divided by 43.
19
Calculate the remainder when 2288542 is divided by 798.
676
What is the remainder when 39223372 is divided by 59?
54
Calculate the remainder when 5040 is divided by 4491.
549
Calculate the remainder when 19145 is divided by 2822.
2213
Calculate the remainder when 4177491 is divided by 44.
43
Calculate the remainder when 2238010 is divided by 26022.
118
Calculate the remainder when 1610608113 is divided by 2642.
2641
What is the remainder when 7528624 is divided by 2665?
2664
Calculate the remainder when 68782 is divided by 3897.
2533
Calculate the remainder when 397377 is divided by 387.
315
Calculate the remainder when 512702 is divided by 33411.
11537
What is the remainder when 238802 is divided by 47443?
1587
What is the remainder when 647453 is divided by 539?
114
Calculate the remainder when 274187 is divided by 91260.
407
Calculate the remainder when 318849218 is divided by 900704.
2
Calculate the remainder when 4764583 is divided by 283.
278
What is the remainder when 1312339 is divided by 5595?
3109
What is the remainder when 426578 is divided by 47397?
5
Calculate the remainder when 4369 is divided by 2075.
219
What is the remainder when 54728485 is divided by 65?
45
Calculate the remainder when 110705 is divided by 36898.
11
What is the remainder when 1506474 is divided by 98?
18
Calculate the remainder when 2093263854 is divided by 3128.
3126
What is the remainder when 129806 is divided by 18514?
208
What is the remainder when 30584 is divided by 15220?
144
What is the remainder when 591939 is divided by 14436?
63
What is the remainder when 5297683 is divided by 225?
58
What is the remainder when 3384916 is divided by 5806?
18
What is the remainder when 29096573 is divided by 501?
497
What is the remainder when 954826 is divided by 4799?
4624
What is the remainder when 53836 is divided by 188?
68
What is the remainder when 7321141 is divided by 18?
1
Calculate the remainder when 390123 is divided by 25988.
303
Calculate the remainder when 238808 is divided by 27.
20
What is the remainder when 1958596649 is divided by 1279?
1278
What is the remainder when 107385555 is divided by 1042578?
21
What is the remainder when 946423 is divided by 4801?
626
What is the remainder when 23066031 is divided by 545?
541
What is the remainder when 14352272 is divided by 14352272?
0
Calculate the remainder when 23569462 is divided by 2041.
2035
Calculate the remainder when 30510846 is divided by 128.
126
What is the remainder when 577087 is divided by 48052?
463
Calculate the remainder when 28578022 is divided by 866000.
22
Calculate the remainder when 35691655 is divided by 3983.
3975
Calculate the remainder when 5652493 is divided by 132.
121
Calculate the 